{"id":9729,"date":"2021-04-15T14:18:53","date_gmt":"2021-04-15T14:18:53","guid":{"rendered":"http:\/\/cuatriaventura.co\/1\/?page_id=9729"},"modified":"2026-03-03T21:57:28","modified_gmt":"2026-03-03T21:57:28","slug":"vuelo-en-parapente","status":"publish","type":"page","link":"https:\/\/cuatriaventura.co\/1\/?page_id=9729","title":{"rendered":"Vuelo en Parapente"},"content":{"rendered":"<p>[vc_row][vc_column][vc_gallery type=&#8221;image_grid&#8221; images=&#8221;9639,9638,9637,9635,9634,9633,9632,9630,9629,9628,9636,9631,9941,9942&#8243; img_size=&#8221;160&#215;165&#8243;][\/vc_column][\/vc_row][vc_row][vc_column][vc_column_text]<\/p>\n<h3><span style=\"color: #333333;\">El parapente es un planeador que no necesita de un motor para ser impulsado, solo se requiere de situarnos en las pendientes de nuestras monta\u00f1as para realizar esta pr\u00e1ctica, dando as\u00ed el paso decisivo entre el cielo y la tierra, donde podemos acceder a un mundo distinto en que el parapente vuela con las aves, y este a su vez se sustenta aprovechando la condiciones clim\u00e1ticas, para as\u00ed poder disfrutar del vuelo libre sobre los hermosos paisajes del Valle del Cauca.<\/span><\/h3>\n<h3><span style=\"color: #333333;\">*EL PAQUETE INCLUYE**<\/span><\/h3>\n<h3>&#x2705;<span style=\"color: #333333;\">\u00a0vuelo en parapente (10 a 20 min aprx dependiendo el clima)<br \/>\n<\/span>&#x2705;\u00a0<span style=\"color: #333333;\">obsequio de archivos digitales en HD<\/span><span style=\"color: #333333;\"><br \/>\n<\/span>&#x2705;\u00a0<span style=\"color: #333333;\">transporte en la zona<br \/>\n<\/span>&#x2705;\u00a0<span style=\"color: #333333;\">seguro de riezgos<br \/>\n<\/span>&#x2705;\u00a0<span style=\"color: #333333;\">parqueadero privado\u00a0<\/span><\/h3>\n<h3><\/h3>\n<p>[\/vc_column_text][\/vc_column][\/vc_row][vc_row][vc_column][vc_column_text]<\/p>\n<h1><span style=\"color: #333333;\"><strong>TARIFAS<\/strong><\/span><\/h1>\n<p>[\/vc_column_text][\/vc_column][\/vc_row][vc_row][vc_column width=&#8221;1\/3&#8243;][vc_single_image image=&#8221;9636&#8243; img_size=&#8221;500&#215;380&#8243;][\/vc_column][vc_column width=&#8221;2\/3&#8243;][vc_column_text css=&#8221;.vc_custom_1772574923138{background-color: #f2f2f2 !important;}&#8221;]<\/p>\n<blockquote>\n<h1><span style=\"color: #ff6600;\">Tarifa por Persona:<\/span><\/h1>\n<h2>Valor del Vuelo: <span style=\"color: #000000;\">$200.000 Pesos<\/span><\/h2>\n<\/blockquote>\n<p>[\/vc_column_text][\/vc_column][\/vc_row][vc_row][vc_column][vc_column_text]<\/p>\n<h1><span style=\"color: #333333;\"><strong>RESERVA YA<\/strong><\/span><\/h1>\n<p>[\/vc_column_text][\/vc_column][\/vc_row][vc_row][vc_column width=&#8221;1\/2&#8243;][vc_column_text css=&#8221;.vc_custom_1714410293860{background-color: #f2f2f2 !important;}&#8221;]<\/p>\n<blockquote>\n<blockquote>\n<h3><span style=\"color: #ffff00;\">&#x1f5d3; <span style=\"color: #ff6600;\">PROCESO DE RESERVA:<\/span><\/span><br \/>\n<span style=\"color: #333333;\">Para realizar la actividad se debe realizar la reserva con antelaci\u00f3n, ya que contamos con una log\u00edstica previa y tenemos una capacidad de cupos para cada turno.<\/span><\/h3>\n<h3><span style=\"color: #ff6600;\">&#x1f4d2; <\/span><span style=\"color: #ff6600;\">COMO APARTO MI CUPO<\/span><br \/>\n<span style=\"color: #333333;\">es s\u00faper f\u00e1cil!!<\/span><br \/>\n<span style=\"color: #333333;\">Verificamos disponibilidad de la fecha<\/span><br \/>\n<span style=\"color: #333333;\">Una vez confirmemos, Solo debes hacer el pago total o parcial de la actividad a nuestra cuenta bancolombia.<\/span><\/h3>\n<h3><span style=\"color: #333333;\">&#x1f4b3; Cuentas y Medios de Pago:<\/span><br \/>\n-Bancolombia<br \/>\n-Nequi<br \/>\n-Banco de Bogot\u00e1<br \/>\n-Davivienda.<\/h3>\n<p><span style=\"color: #333333;\"><em>Te enviamos un pasabordo donde encontrar\u00e1s<\/em> toda la informaci\u00f3n que debes tener en cuanta.<\/span><\/p><\/blockquote>\n<\/blockquote>\n<p>[\/vc_column_text][\/vc_column][vc_column width=&#8221;1\/2&#8243;][vc_column_text css=&#8221;.vc_custom_1621389850718{background-color: #f2f2f2 !important;}&#8221;]<\/p>\n<blockquote>\n<blockquote>\n<blockquote>\n<h3><span style=\"color: #ff6600;\">&#x23f3; <\/span><span style=\"color: #ff6600;\">HORARIOS PARA VOLAR\u00a0<\/span><br \/>\noperamos todos los d\u00edas de la semana desde las 9am de la ma\u00f1ana hasta las 4 p.m. o dependiendo las condiciones del clima.<\/h3>\n<h3><span style=\"color: #333333;\">&#x1fa82; <\/span><span style=\"color: #ff6600;\">QUE MAS HAY PA\u2019 HACER:<\/span><br \/>\n<span style=\"color: #333333;\">La aventura contin\u00faa!<\/span><br \/>\n<span style=\"color: #333333;\">-hospedaje y restaurante\u00a0<\/span><br \/>\n<span style=\"color: #333333;\">-vuelo en parapente<\/span><br \/>\n<span style=\"color: #333333;\">-paquetes con fotograf\u00edas profesional<\/span><\/h3>\n<h3><span style=\"color: #ff6600;\">&#x1f4cd; <\/span><span style=\"color: #ff6600;\">UBICACION:<br \/>\n<\/span><span style=\"color: #333333;\">Estamos ubicados a 50 min aprox de Cali.<\/span><br \/>\n<span style=\"color: #333333;\">25 minutos de palmira<\/span><br \/>\n<span style=\"color: #333333;\">Cerca a la hacienda el para\u00edso.<\/span><br \/>\n<span style=\"color: #333333;\">Puedes llegar en<\/span><br \/>\n<span style=\"color: #333333;\">\u2013 particular\u00a0<\/span><br \/>\n<span style=\"color: #333333;\">-Uber<\/span><br \/>\n<span style=\"color: #333333;\">-Transporte p\u00fablico\u00a0<\/span><\/h3>\n<\/blockquote>\n<\/blockquote>\n<\/blockquote>\n<p>[\/vc_column_text][\/vc_column][\/vc_row][vc_row][vc_column][vc_column_text]<\/p>\n<h1><span style=\"color: #333333;\"><strong>PAQUETE CUMPLEA\u00d1ERO<\/strong><\/span><\/h1>\n<p>[\/vc_column_text][\/vc_column][\/vc_row][vc_row][vc_column width=&#8221;1\/3&#8243;][vc_single_image image=&#8221;10076&#8243; img_size=&#8221;full&#8221;][\/vc_column][vc_column width=&#8221;2\/3&#8243;][vc_column_text css=&#8221;.vc_custom_1772575041510{background-color: #6ea631 !important;}&#8221;]<\/p>\n<blockquote>\n<h4><strong><span style=\"color: #000000;\">PAQUETE CUMPLEA\u00d1ERO Y ENAMORADOS &#x1f38a;&#x1f382;&#x1f388;<\/span><\/strong><\/h4>\n<h4><span style=\"color: #333333;\">&#x2705;<strong>\u00a01 vuelo en parapente<\/strong> (para 1 persona con instructor)<br \/>\n&#x2705;<strong> Letrero<\/strong> gigante en la zona de aterrizaje (m\u00e1ximo 20 letras)<br \/>\n&#x2705;<strong> Decoraci\u00f3n<\/strong> de mesa con globitos y cristales<br \/>\n&#x2705; 2 Almuerzos Men\u00fa del d\u00eda<\/span><\/h4>\n<h4><span style=\"color: #000000;\"><em><strong>Valor del paquete<\/strong><\/em><strong> $400.000<\/strong><\/span><\/h4>\n<p><strong>PAQUETE COMPARTIDO<\/strong> (incluye los mismos servicios + 1 vuelo adicional)<strong> $540.000 Pesos<\/strong><\/p>\n<p><strong>NOTA<\/strong> este paquete es para la recepci\u00f3n de 2 personas.<br \/>\nSi son m\u00e1s de 2 personas la decoraci\u00f3n cambiar\u00eda de locaci\u00f3n y de dise\u00f1o. ( se realizar\u00eda en la parte del restaurante)<\/p>\n<p><strong>Opci\u00f3nal<\/strong>: puedes a\u00f1adirle a tu paquete una torta casera de banano y queso &#x1f967; o una botella de vino tinto de la regi\u00f3n &#x1f37e;por $ 40.000 adicionales a tu paquete.<\/p><\/blockquote>\n<p>[\/vc_column_text][\/vc_column][\/vc_row][vc_row][vc_column][vc_column_text]<\/p>\n<h1><span style=\"color: #333333;\"><strong>SERVICIOS ADICIONALES<\/strong><\/span><\/h1>\n<p>[\/vc_column_text][\/vc_column][\/vc_row][vc_row][vc_column width=&#8221;1\/3&#8243;][vc_single_image image=&#8221;9941&#8243; img_size=&#8221;full&#8221; onclick=&#8221;link_image&#8221;][\/vc_column][vc_column width=&#8221;2\/3&#8243;][vc_column_text]<\/p>\n<blockquote>\n<h3><strong><span style=\"color: #333333;\">LETRERO EN EL ATERRIZAJE<\/span><\/strong><\/h3>\n<h3><span style=\"color: #333333;\">Sorprende a esa persona especial de una manera \u00fanica y genuina con un letrero gigante en el aterrizaje con letras blancas en tela y corazones rojos donde podr\u00e1s colocar el mensaje que desees dedicar.<\/span><\/h3>\n<h3><span style=\"color: #333333;\"><em><strong>El mensaje contiene 20 letras <\/strong><\/em><\/span><br \/>\n<span style=\"color: #333333;\">Valor x letra adicinal: 3.000<\/span><\/h3>\n<p>VALOR: <strong>80.000 COP<\/strong><\/p><\/blockquote>\n<p>[\/vc_column_text][\/vc_column][\/vc_row][vc_row full_width=&#8221;stretch_row&#8221; bg_type=&#8221;image&#8221; parallax_style=&#8221;vcpb-vz-jquery&#8221; bg_image_new=&#8221;id^9621|url^http:\/\/cuatriaventura.co\/1\/wp-content\/uploads\/2021\/04\/blackout-1.png|caption^null|alt^null|title^blackout|description^null&#8221; css=&#8221;.vc_custom_1618419942437{padding-top: 100px !important;padding-bottom: 100px !important;}&#8221; animation_type=&#8221;h&#8221; horizontal_animation=&#8221;left-animation&#8221; vertical_animation=&#8221;top-animation&#8221; disable_on_mobile=&#8221;disable_on_mobile_value&#8221;][vc_column width=&#8221;1\/6&#8243;][\/vc_column][vc_column css_animation=&#8221;slideInUp&#8221; width=&#8221;2\/3&#8243;]<div class=\"ult-animation  ult-animate-viewport  ult-no-mobile \" data-animate=\"pulse\" data-animation-delay=\"0.5\" data-animation-duration=\"0.5\" data-animation-iteration=\"1\" style=\"opacity:0;\" data-opacity_start_effect=\"\"><div id=\"ultimate-heading-227069f705cd23835\" class=\"uvc-heading ult-adjust-bottom-margin ultimate-heading-227069f705cd23835 uvc-6749 \" data-hspacer=\"line_only\"  data-halign=\"center\" style=\"text-align:center\"><div class=\"uvc-main-heading ult-responsive\"  data-ultimate-target='.uvc-heading.ultimate-heading-227069f705cd23835 h2'  data-responsive-json-new='{\"font-size\":\"desktop:14px;\",\"line-height\":\"\"}' ><h2 style=\"font-family:&#039;Open Sans&#039;;font-weight:normal;font-style:normal;color:#ffffff;\">INFORMACI\u00d3N DE CONTACTO<\/h2><\/div><div class=\"uvc-heading-spacer line_only\" style=\"margin-top:10px;margin-bottom:10px;height:2px;\"><span class=\"uvc-headings-line\" style=\"border-style:solid;border-bottom-width:2px;border-color:#eaeaea;width:90px;\"><\/span><\/div><div class=\"uvc-sub-heading ult-responsive\"  data-ultimate-target='.uvc-heading.ultimate-heading-227069f705cd23835 .uvc-sub-heading '  data-responsive-json-new='{\"font-size\":\"desktop:36px;\",\"line-height\":\"\"}'  style=\"font-family:&#039;Open Sans&#039;;font-weight:700;color:#ffffff;\">\u00a1CONECTATE CON CUATRIAVENTURA!<\/div><\/div><div class=\"ult-spacer spacer-69f705cd2388c\" data-id=\"69f705cd2388c\" data-height=\"35\" data-height-mobile=\"35\" data-height-tab=\"35\" data-height-tab-portrait=\"\" data-height-mobile-landscape=\"\" style=\"clear:both;display:block;\"><\/div><\/div>[vc_row_inner][vc_column_inner width=&#8221;1\/3&#8243;]<div class=\"ult-animation  ult-animate-viewport  ult-no-mobile \" data-animate=\"pulse\" data-animation-delay=\"0.2\" data-animation-duration=\"0.7\" data-animation-iteration=\"3\" style=\"opacity:0;\" data-opacity_start_effect=\"\"><div class=\"ult-just-icon-wrapper  \"><div class=\"align-icon\" style=\"text-align:center;\">\n<a class=\"aio-tooltip 69f705cd2394a\" href=\"#\"  data-toggle=\"tooltip\" data-placement=\"\"><div class=\"aio-icon none \" data-animation=\"pulse\" data-animation-delay=\"03\" style=\"color:#ffffff;font-size:60px;display:inline-block;\">\n\t<i class=\"Defaults-envelope\"><\/i>\n<\/div><\/a><\/div><\/div><div id=\"ultimate-heading-827969f705cd23a02\" class=\"uvc-heading ult-adjust-bottom-margin ultimate-heading-827969f705cd23a02 uvc-8689 \" data-hspacer=\"no_spacer\"  data-halign=\"center\" style=\"text-align:center\"><div class=\"uvc-heading-spacer no_spacer\" style=\"top\"><\/div><div class=\"uvc-main-heading ult-responsive\"  data-ultimate-target='.uvc-heading.ultimate-heading-827969f705cd23a02 h2'  data-responsive-json-new='{\"font-size\":\"desktop:16px;\",\"line-height\":\"\"}' ><h2 style=\"font-family:&#039;Open Sans&#039;;font-weight:700;color:#ffffff;margin-top:20px;margin-bottom:15px;\">contacto@cuatriaventura.co<\/h2><\/div><div class=\"uvc-sub-heading ult-responsive\"  data-ultimate-target='.uvc-heading.ultimate-heading-827969f705cd23a02 .uvc-sub-heading '  data-responsive-json-new='{\"font-size\":\"desktop:17px;\",\"line-height\":\"\"}'  style=\"font-family:&#039;Open Sans&#039;;font-weight:300;color:#ffffff;margin-top:15px;margin-bottom:20px;\">Correo Electr\u00f3nico<\/div><\/div><\/div>[\/vc_column_inner][vc_column_inner width=&#8221;1\/3&#8243;]<div class=\"ult-animation  ult-animate-viewport  ult-no-mobile \" data-animate=\"pulse\" data-animation-delay=\"0.2\" data-animation-duration=\"0.7\" data-animation-iteration=\"3\" style=\"opacity:0;\" data-opacity_start_effect=\"\"><div class=\"ult-just-icon-wrapper  \"><div class=\"align-icon\" style=\"text-align:center;\">\n<a class=\"aio-tooltip 69f705cd23aac\" href=\"#\"  data-toggle=\"tooltip\" data-placement=\"\"><div class=\"aio-icon none \" data-animation=\"pulse\" data-animation-delay=\"03\" style=\"color:#ffffff;font-size:60px;display:inline-block;\">\n\t<i class=\"Defaults-tablet\"><\/i>\n<\/div><\/a><\/div><\/div><div id=\"ultimate-heading-988469f705cd23ae2\" class=\"uvc-heading ult-adjust-bottom-margin ultimate-heading-988469f705cd23ae2 uvc-6490 \" data-hspacer=\"no_spacer\"  data-halign=\"center\" style=\"text-align:center\"><div class=\"uvc-heading-spacer no_spacer\" style=\"top\"><\/div><div class=\"uvc-main-heading ult-responsive\"  data-ultimate-target='.uvc-heading.ultimate-heading-988469f705cd23ae2 h2'  data-responsive-json-new='{\"font-size\":\"desktop:16px;\",\"line-height\":\"\"}' ><h2 style=\"font-family:&#039;Open Sans&#039;;font-weight:700;color:#ffffff;margin-top:20px;margin-bottom:15px;\">+57 323 5062036<\/h2><\/div><div class=\"uvc-sub-heading ult-responsive\"  data-ultimate-target='.uvc-heading.ultimate-heading-988469f705cd23ae2 .uvc-sub-heading '  data-responsive-json-new='{\"font-size\":\"desktop:17px;\",\"line-height\":\"\"}'  style=\"font-family:&#039;Open Sans&#039;;font-weight:300;color:#ffffff;margin-top:15px;margin-bottom:20px;\">T\u00e9lefono<\/div><\/div><\/div>[\/vc_column_inner][vc_column_inner width=&#8221;1\/3&#8243;]<div class=\"ult-animation  ult-animate-viewport  ult-no-mobile \" data-animate=\"pulse\" data-animation-delay=\"0.2\" data-animation-duration=\"0.7\" data-animation-iteration=\"3\" style=\"opacity:0;\" data-opacity_start_effect=\"\"><div class=\"ult-just-icon-wrapper  \"><div class=\"align-icon\" style=\"text-align:center;\">\n<a class=\"aio-tooltip 69f705cd23b67\" href=\"#\"  data-toggle=\"tooltip\" data-placement=\"\"><div class=\"aio-icon none \" data-animation=\"pulse\" data-animation-delay=\"03\" style=\"color:#ffffff;font-size:60px;display:inline-block;\">\n\t<i class=\"Defaults-bank institution university\"><\/i>\n<\/div><\/a><\/div><\/div><div id=\"ultimate-heading-724669f705cd23b96\" class=\"uvc-heading ult-adjust-bottom-margin ultimate-heading-724669f705cd23b96 uvc-6461 \" data-hspacer=\"no_spacer\"  data-halign=\"center\" style=\"text-align:center\"><div class=\"uvc-heading-spacer no_spacer\" style=\"top\"><\/div><div class=\"uvc-main-heading ult-responsive\"  data-ultimate-target='.uvc-heading.ultimate-heading-724669f705cd23b96 h2'  data-responsive-json-new='{\"font-size\":\"desktop:16px;\",\"line-height\":\"\"}' ><h2 style=\"font-family:&#039;Open Sans&#039;;font-weight:700;color:#ffffff;margin-top:20px;margin-bottom:15px;\">Pomo, Cerrito a 2 km de la Hacienda el Para\u00edso<\/h2><\/div><div class=\"uvc-sub-heading ult-responsive\"  data-ultimate-target='.uvc-heading.ultimate-heading-724669f705cd23b96 .uvc-sub-heading '  data-responsive-json-new='{\"font-size\":\"desktop:17px;\",\"line-height\":\"\"}'  style=\"font-family:&#039;Open Sans&#039;;font-weight:300;color:#ffffff;margin-top:15px;margin-bottom:20px;\">Ubicaci\u00f3n<\/div><\/div><\/div>[\/vc_column_inner][\/vc_row_inner][\/vc_column][vc_column width=&#8221;1\/6&#8243;][\/vc_column][\/vc_row][vc_row][vc_column offset=&#8221;vc_hidden-lg vc_hidden-md vc_hidden-sm vc_hidden-xs&#8221;][vc_column_text]<\/p>\n<h1><span style=\"color: #333333;\">AQU\u00cd ESTAMOS (<a href=\"https:\/\/www.google.com\/maps\/place\/Restaurante+Dedalos+-+Sede+Good+Fly+Parapente\/@3.6239201,-76.202555,15z\/data=!4m5!3m4!1s0x0:0x73442382279b3fde!8m2!3d3.6234782!4d-76.194402?hl=es-419\">clic aqu\u00ed para ampliar<\/a>)<\/span><\/h1>\n<p>[\/vc_column_text][vc_gmaps link=&#8221;#E-8_JTNDaWZyYW1lJTIwc3JjJTNEJTIyaHR0cHMlM0ElMkYlMkZ3d3cuZ29vZ2xlLmNvbSUyRm1hcHMlMkZlbWJlZCUzRnBiJTNEJTIxMW0xNCUyMTFtOCUyMTFtMyUyMTFkMzE4NTQuNzM1OTQ1MTYwOTM3JTIxMmQtNzYuMjExOTUzODI5NjUyNjclMjEzZDMuNjIzNTU1NTk5OTk5OTg5OCUyMTNtMiUyMTFpMTAyNCUyMTJpNzY4JTIxNGYxMy4xJTIxM20zJTIxMW0yJTIxMXMweDAlMjUzQTB4MCUyMTJ6TThLd016Y25NalF1T0NKT0lEYzJ3ckF4TVNjME1DNHdJbGMlMjE1ZTAlMjEzbTIlMjExc2VzLTQxOSUyMTJzY28lMjE0djE2MTg0NTM4MzE0MzglMjE1bTIlMjExc2VzLTQxOSUyMTJzY28lMjIlMjB3aWR0aCUzRCUyMjYwMCUyMiUyMGhlaWdodCUzRCUyMjQ1MCUyMiUyMHN0eWxlJTNEJTIyYm9yZGVyJTNBMCUzQiUyMiUyMGFsbG93ZnVsbHNjcmVlbiUzRCUyMiUyMiUyMGxvYWRpbmclM0QlMjJsYXp5JTIyJTNFJTNDJTJGaWZyYW1lJTNF&#8221; size=&#8221;300px&#8221; css_animation=&#8221;appear&#8221;][\/vc_column][\/vc_row]<\/p>\n","protected":false},"excerpt":{"rendered":"<p>[vc_row][vc_column][vc_gallery type=&#8221;image_grid&#8221; images=&#8221;9639,9638,9637,9635,9634,9633,9632,9630,9629,9628,9636,9631,9941,9942&#8243; img_size=&#8221;160&#215;165&#8243;][\/vc_column][\/vc_row][vc_row][vc_column][vc_column_text] El parapente es un planeador que no necesita de un motor para ser impulsado, solo se requiere de situarnos en las pendientes de nuestras monta\u00f1as para realizar esta pr\u00e1ctica, dando as\u00ed el paso decisivo entre el cielo y la tierra, donde podemos acceder a un mundo distinto en que el parapente [&hellip;]<\/p>\n","protected":false},"author":1,"featured_media":0,"parent":0,"menu_order":0,"comment_status":"closed","ping_status":"closed","template":"","meta":{"footnotes":""},"class_list":["post-9729","page","type-page","status-publish","hentry"],"_links":{"self":[{"href":"https:\/\/cuatriaventura.co\/1\/index.php?rest_route=\/wp\/v2\/pages\/9729","targetHints":{"allow":["GET"]}}],"collection":[{"href":"https:\/\/cuatriaventura.co\/1\/index.php?rest_route=\/wp\/v2\/pages"}],"about":[{"href":"https:\/\/cuatriaventura.co\/1\/index.php?rest_route=\/wp\/v2\/types\/page"}],"author":[{"embeddable":true,"href":"https:\/\/cuatriaventura.co\/1\/index.php?rest_route=\/wp\/v2\/users\/1"}],"replies":[{"embeddable":true,"href":"https:\/\/cuatriaventura.co\/1\/index.php?rest_route=%2Fwp%2Fv2%2Fcomments&post=9729"}],"version-history":[{"count":33,"href":"https:\/\/cuatriaventura.co\/1\/index.php?rest_route=\/wp\/v2\/pages\/9729\/revisions"}],"predecessor-version":[{"id":10550,"href":"https:\/\/cuatriaventura.co\/1\/index.php?rest_route=\/wp\/v2\/pages\/9729\/revisions\/10550"}],"wp:attachment":[{"href":"https:\/\/cuatriaventura.co\/1\/index.php?rest_route=%2Fwp%2Fv2%2Fmedia&parent=9729"}],"curies":[{"name":"wp","href":"https:\/\/api.w.org\/{rel}","templated":true}]}}